308. Is p a multiple of 22?
True
Let n = -152 - -680. Does 44 divide n?
True
Let j = -97 + -279. Let c = 760 + j. Does 64 divide c?
True
Suppose -3*z + 25 = -4*o, 0*z + z - 19 = 4*o. Suppose -4*i + 19 = 3*m, 0 = -z*i + 6*i - 4*m - 33. Is i even?
False
Let v(f) = 6*f**3 + f**2 + 6*f - 7. Is 7 a factor of v(3)?
True
Suppose -3 = 5*l - 13. Does 9 divide (796/16 - l) + 1/4?
False
Let g = 0 - 1. Let o(p) = p**2 - 14*p + 19. Let r be o(15). Let a = r - g. Is 10 a factor of a?
False
Let y(f) = -2*f - 10. Let c be y(14). Let p be c - (3 - (2 - -1)). Let h = -15 - p. Is h a multiple of 5?
False
Let o be 1209/(-5) + -4 + (-19)/(-5). Does 3 divide o/(-8) - (-15)/(-60)?
True
Suppose -d = -3*d - 32. Does 2 divide 1/4 + (-204)/d + -4?
False
Let f(n) = 6*n - 23. Suppose 0 = 3*l - 7*l. Suppose l = -7*p + p + 36. Does 3 divide f(p)?
False
Let c(b) = 13*b**2 - 118*b + 11. Does 16 divide c(10)?
False
Suppose -2*j - 138 = 4*j. Let m = j + 52. Is m a multiple of 29?
True
Let q(f) = -f**3 - 32*f**2 - 43*f - 48. Is q(-31) a multiple of 12?
True
Suppose -19*x = 9*x - 57456. Is x a multiple of 27?
True
Suppose -n + 267 = -f, 8*f + 249 = n + 13*f. Does 8 divide n?
True
Suppose 0 = 5*f - 4*r - 973 - 47, 2*f + r = 408. Let j = f + -116. Is j a multiple of 22?
True
Let i(v) = -v**2 - 8*v - 9. Let k be i(-6). Suppose 26 = -k*a + 5*a. Is 5 a factor of a?
False
Let c be 24/42 + (-31)/(-7). Suppose -c*n = -8*n + 324. Is n a multiple of 18?
True
Is (-400)/(-75)*(1 - -11 - 0) a multiple of 4?
True
Suppose -9*s + 8*s = -90. Does 4 divide s?
False
Let v be (2 - -2)*1/(-1). Let s be 4/(-12)*9 - -27. Let y = s + v. Does 3 divide y?
False
Suppose 3*o - l = 1094, -3*o - l = 3*l - 1114. Does 22 divide o?
False
Suppose -7*u + 3148 + 191 = 0. Does 53 divide u?
True
Suppose 3*s = -0*s + 573. Let r = s - -17. Is 12 a factor of r?
False
Let x(c) = -11*c - 2. Let t be x(-2). Suppose 4*l + l - t = 0. Suppose 23 = 4*a - 3*h, 8*a + 2*h - 38 = l*a. Is a a multiple of 8?
True
Let l(w) = w - 1. Let i(h) = 9*h - 10. Let x(a) = i(a) + 6*l(a). Is x(6) a multiple of 37?
True
Suppose 3*f + 155 = -2*j - 5, 0 = 4*j - 2*f + 304. Suppose 4*c - 94 = 5*l, 0*l - 4*c + 50 = -3*l. Is 4 a factor of l/j - 194/(-7)?
True
Let r(x) = -14 + 14*x + 19*x + 33*x. Is r(4) a multiple of 11?
False
Let q = 447 - 367. Is 11 a factor of q?
False
Is -6 - (4 + -5) - -413 a multiple of 8?
True
Suppose 8 = 7*y - 6*y. Let d be (-6)/y - 150/24. Does 6 divide (1 - d)/(-2) + 15?
False
Suppose 8*n - 5*n = -2*p - 69, n = -3*p - 93. Is p/4*(-56)/35 a multiple of 12?
True
Let n(m) = m + 18. Let u be n(-12). Suppose 2*a + 816 = u*a. Suppose -2*g + 8*g - a = 0. Does 15 divide g?
False
Is (31/(-93))/(-2 - 13810/(-6906)) a multiple of 10?
False
Suppose r + 5*t + 25 = 0, -3*t = -2*r - 2*r - 31. Let o(q) = -15*q + 63. Does 15 divide o(r)?
False
Let c be (-4 - (-64)/(-12))/((-4)/66). Suppose 0 = 3*h - 188 - c. Is h a multiple of 19?
True
Suppose 44 = -19*j + 23*j. Let f = -30 - -52. Let z = f + j. Is 11 a factor of z?
True
Suppose 0 = -5*s - 2*a + 1238, -268 = -s - 5*a - 25. Is -3 + s/5 + (-4)/(-10) a multiple of 15?
False
Is 14 a factor of (28 - -7)*((-537)/(-15) - -1)?
True
Suppose -c + 5*k = -68, -c = -0*c - 2*k - 74. Is (3/(-9))/((-3 - -2)/c) a multiple of 3?
False
Let l(k) = -k + 1. Let u be l(-2). Suppose -i = u*d - d - 10, 5*d = -2*i + 24. Suppose 0 = i*m - 10 - 128. Does 23 divide m?
True
Suppose c + 81 = -5*b, c + 96 = -4*b + 32. Suppose -2*p - 3*k - 7 + 9 = 0, -3*p + 2*k = -3. Let d = p - b. Is 9 a factor of d?
True
Let w(f) = f**2 - 7*f + 37. Let c be w(8). Let v(n) = 3*n**2 - n - 1. Let d be v(-1). Suppose d*h - c + 18 = 0. Does 9 divide h?
True
Suppose -p = -3*g - 3183, 5*p + 11*g - 15935 = 6*g. Is p a multiple of 59?
True
Let f = 19 - 9. Suppose 3*c = 4*c, -3*c = 5*p - f. Suppose t - 60 = -0*o - p*o, 0 = -3*t - 12. Is 12 a factor of o?
False
Let v(g) = -g**2 + 6*g + 3. Let n be v(6). Suppose -n*a + 11 + 10 = 0. Does 4 divide a?
False
Let x(s) = -s - 5. Let f be x(4). Let b be 6/9 + (-12)/f. Suppose -3*c + 50 = b*c. Is c a multiple of 4?
False
Suppose 2*x - 11 = -1. Let f be 23/x + (-18)/(-45). Let u(p) = p**3 - 4*p**2 - 3*p - 2. Is 8 a factor of u(f)?
True
Let d be ((-2)/3)/(2/(-15)). Suppose -d*p - 5 = -15. Is (p - -18)*(-8)/(-5) a multiple of 15?
False
Let x(l) = 2*l - 9. Let a be x(5). Suppose 4*k - 5*h - 40 = 0, -5 = h - a. Suppose 5*s - 170 = -5*b + b, -5*b - 170 = -k*s. Is 5 a factor of s?
False
Let h(q) = -17*q**3 - 1. Let w be (-1)/(-1*(0/1 - 1)). Is 3 a factor of h(w)?
False
Is (-1959)/(-3) + -1 + -2 a multiple of 59?
False
Suppose -l - 1 = -3. Suppose -l*d + 165 = 5*t - 4*d, 0 = d. Is t a multiple of 5?
False
Let y(h) = -5*h**2 - 8*h. Let f(x) = 9*x**2 + 16*x - 1. Let j(i) = -4*f(i) - 7*y(i). Let m be j(-8). Suppose 101 = -m*s + 341. Is s a multiple of 13?
False
Let q be (-9)/18*(1 - 11). Suppose -2*f = -q*f. Suppose f = -x - 3*x + 108. Does 9 divide x?
True
Let u(b) = 124*b + 11. Is u(1) a multiple of 9?
True
Let z(j) = -13*j. Suppose 0 = -f + 5. Suppose -7 = f*d + 8. Is z(d) a multiple of 13?
True
Let q be (1 + -11)*(-6)/12. Suppose 0 = 5*u + q*k - 30, 4*k + 0*k = u - 21. Suppose 2*p - u = 61. Is p a multiple of 14?
False
Suppose 5*y + 83 - 5571 = -4*z, -z = 3*y - 1365. Is z a multiple of 14?
False
Let o(v) = 6*v**3 + 3*v**2 - 32*v + 161. Does 14 divide o(5)?
True
Let n be (-10)/(-35) + 1144/14. Suppose -n = -f + 33. Is 15 a factor of f?
False
Let p = 29 - 14. Suppose -p*c = -6*c - 2016. Is 32 a factor of c?
True
Let k(l) = -l + 2. Let w be k(0). Suppose 5*o + 5*q = 2*o + 53, q = -w*o + 40. Let c = o - 13. Is c a multiple of 2?
True
Let z = -76 + 71. Let l(f) = 2*f**2 + 8*f + 8. Does 5 divide l(z)?
False
Let o = 82 - -1. Let b = -10 + o. Is b a multiple of 11?
False
Let x(o) = 200*o**3 - o + 2. Is 6 a factor of x(1)?
False
Let g be (-10)/4*48/(-30). Suppose q - 301 = -4*z, 3*q + 5 + g = 0. Is z a multiple of 19?
True
Suppose 0*u = 5*v - u - 4325, -5*u = -4*v + 3481. Suppose -11*r = -5*r - v. Does 16 divide r?
True
Suppose 0 = m + m - 158. Suppose -5*l = -5*v - 325, 169 = 4*l - 3*v - 87. Suppose m = 4*c - l. Is 10 a factor of c?
False
Suppose -3*d + 0*d + 25 = 5*l, 18 = 2*d + 4*l. Suppose -d*s + 83 = o, 0 = 2*o - 3*s - 338 + 107. Is 27 a factor of o?
True
Let r(a) = -121*a**3 - a**2 - 9*a - 9. Is r(-1) a multiple of 9?
False
Suppose 3*f - 3*i - 18 = -5*i, 0 = 2*f + 3*i - 17. Let j(n) = 2*n + 0*n + 9 + n**2 - 2*n - f*n. Is j(7) a multiple of 15?
True
Let p(t) = 36*t - 36. Does 57 divide p(20)?
True
Suppose 4*f - 2388 = 5*m - 583, 3*f + 2*m - 1325 = 0. Is 34 a factor of f?
False
Let j(x) = -238*x - 158. Does 93 divide j(-8)?
False
Suppose 15*x - 18144 - 7101 = 0. Is 19 a factor of x?
False
Suppose 0 = l + l + 34. Let a = 21 + l. Suppose -3*v = -0*v - 2*m - 18, a*m + 12 = 3*v. Does 4 divide v?
True
Suppose 4*u + 2*d = -25 - 1, 2*u = 5*d - 31. Let a be 331 - u/2*1. Suppose -4*i + 432 = -6*q + 3*q, a = 3*i - 5*q. Is 17 a factor of i?
False
Suppose -450 = -2*r - 2*j, 0 = 5*r + 4*j - 6*j - 1125. Does 15 divide r?
True
Suppose -262*y + 266*y = 1608. Is 11 a factor of y?
False
Let y(v) = v**2 - 11*v - 6. Let r be y(11). Let i be 27/r*(2 + -4). Suppose -7 = -4*l + i. Is l a multiple of 4?
True
Suppose -151 = -5*l - 3*j, 3*j + 12 = -j. Let b be (l/6)/((-3)/9). Is (-110)/(-4) - (-8)/b a multiple of 11?
False
Suppose -z + s + 3 = 1, -12 = -3*s. Suppose 0 = -3*v - z, 0*k + 174 = 2*k + 5*v. Is k a multiple of 22?
False
Let a(g) = 5*g - 5*g + 2*g**2 + 3*g**2 + 6*g - 5. Let m(t) = -14*t**2 - 18*t + 15. Let k(c) = -8*a(c) - 3*m(c). Is 6 a factor of k(-5)?
False
Is (104/(-39))/((-4)/6) - -606 a multiple of 17?
False
Does 3 divide 18/(-4)*-1*256/24?
True
Let q be (2 - 3)/((-1)/17). Suppose -5 = -5*j - 0. Let m = j + q. Does 9 divide m?
True
Let q = -784 - -844. Is q a multiple of 15?
True
Suppose 3*a + p - 6 - 4 = 0, 5*p - 5 = 0. Suppose a*t = 5*n + 25, 4*n = -2*t - 0*n + 2. Suppose -t*w + w = -24. Is w a multiple of 6?
True
Suppose 5*f = 44 + 66. Suppose f + 8 = 5*p. Does 14 divide ((-84)/15)/(p/(-15))?
True
Let r(i) = -i**3 + 3. Let q be r(0). Suppose -q*c + 4*c + 8 = 0. Is (-260)/c - 2/(-4) a multiple of 11?
True
Suppose 13 = 5*n - 3*t - 14, -3*n - 4*t - 7 = 0. Suppose -2*u = n*x - 562, 3*x - 590 = -u + 6*u. Is x a multiple of 17?